)/(-6)*84. What is the greatest common divisor of b and w?
6
Suppose 3*f + 3 + 7 = -4*v, -f - 6 = 2*v. Let i be (-1 - -19) + (5 - 1). Calculate the greatest common divisor of i and f.
2
Let i(h) = -h**2 + 6*h + 1. Let r be i(5). Let c = r + -5. Let g = c + 0. Calculate the greatest common divisor of 7 and g.
1
Suppose 9*r - 7*r - 52 = 0. Calculate the highest common factor of r and 39.
13
Let d(r) = r**3 - 11*r**2 - 13*r + 15. Let q be d(12). Let g be -2 + -1 + 3*10. Calculate the highest common divisor of g and q.
3
Let u = 191 + -125. Calculate the greatest common factor of 22 and u.
22
Let y = 21 + 0. Let t = y - 12. Calculate the highest common factor of 63 and t.
9
Let y be 2/8 + 23/4. Suppose y = -0*m + 3*m. Calculate the greatest common factor of m and 10.
2
Let l be 2 + 1/((-2)/(-4)). Suppose -3*f + 5 = -1. Suppose 3*q - l*q = -5*u + 9, 0 = -f*q + u + 9. Calculate the greatest common divisor of q and 15.
3
Let z(w) = 7*w - 4. Let s be z(3). Calculate the highest common factor of 17 and s.
17
Suppose 0 = -g - 3*v + 3 + 9, 4*g + 2*v - 8 = 0. Suppose 2*u - 150 = -4*w + 3*w, g = -5*u + 5*w + 390. Calculate the greatest common divisor of 19 and u.
19
Let r = 8 + -5. Let c be 35*(4 - r/1). Calculate the highest common divisor of 5 and c.
5
Let u be (16/(-6))/(3/(-81)). Calculate the greatest common factor of u and 9.
9
Let s = -36 + 58. Calculate the greatest common factor of 198 and s.
22
Let n(t) = -2*t - 6. Let r be n(-8). Calculate the highest common factor of 20 and r.
10
Suppose -4*z - 3*q = -4*q - 387, -z + 3*q + 105 = 0. Let u be (-5)/(10/(-96)) - 0. Suppose j + 3*j - u = 0. Calculate the greatest common factor of z and j.
12
Let r be 0/2 + 2 + 0. Suppose r = 2*o, 2*o + 56 + 50 = s. What is the highest common divisor of 12 and s?
12
Let s be (-13 - -8 - -32)/(2/26). Calculate the highest common factor of 39 and s.
39
Let m = 29 + -27. What is the highest common factor of m and 10?
2
Suppose 6*n - 52 = 98. Calculate the highest common factor of n and 175.
25
Suppose q - 6*q = -15. Suppose -41 = -2*c - 4*b - q, -5*c - 5*b = -115. Let n = c - 9. What is the highest common factor of n and 27?
9
Let x be (6/3)/(-2)*-22. Suppose x - 7 = t. Suppose 6*u - u + 5*v - 610 = 0, -5*u + 2*v = -596. Calculate the highest common factor of u and t.
15
Suppose 0 = -f + 5, -2*f + 34 = -g. Let x = g - -46. Calculate the highest common divisor of 66 and x.
22
Let a = 53 + -9. Let r(w) = w**2 - 4*w + 6. Let o be r(5). Let y be (o/1)/(6 + -5). Calculate the greatest common factor of a and y.
11
Let h be 176 + -4 + (-8)/(-1). What is the highest common factor of h and 20?
20
Suppose -8*a + 150 + 10 = 0. What is the greatest common divisor of a and 180?
20
Let s(v) = 3*v**2 - v + 6. Let j be s(-3). Calculate the highest common factor of j and 12.
12
Let a(f) = 9*f**2 + 4*f. Let r be a(3). What is the highest common divisor of r and 31?
31
Let s = -2 - -3. Let h be (47 + 1)*(s - 0). Suppose -55*j + 46*j = -144. What is the greatest common factor of h and j?
16
Let f = -1 - -18. Calculate the greatest common divisor of 51 and f.
17
Let d(o) = -o**2 - 4*o + 1. Let v be d(-3). Suppose -3*a - 166 = -2*s, 2*s + 2*s + 4 = 0. Let c = 84 + a. What is the highest common factor of c and v?
4
Let m(i) = 10*i**2 - 20*i + 20*i. Let x be m(1). Calculate the highest common factor of 2 and x.
2
Let l be 4/(-8) + (-2)/(-4). Suppose 0 = 3*s - l*s - 48. What is the highest common divisor of 24 and s?
8
Suppose 5*y + 13 = 2*a, 2*a - y + 13 = -a. Let g be 9/a + 46/4. What is the greatest common factor of g and 90?
10
Let o be 162/15 - 8/10. Calculate the highest common divisor of 30 and o.
10
Let r(c) = -46*c - 4. Let y be r(-1). What is the highest common factor of 28 and y?
14
Let w = 16 - 13. Suppose s - 31 = 5*z, 0 = -s - w*s + 2*z + 178. What is the highest common divisor of s and 115?
23
Suppose -2*n - 3*n = -5. Suppose 4 = t - 5. Calculate the greatest common factor of n and t.
1
Let t be (-2)/(-9) + 50/18. Let s = 9 - 5. Suppose -2*o + 3*a = -0*a + 3, s*a - 21 = -t*o. Calculate the highest common divisor of o and 6.
3
Let d be 1368/54 - (-4)/6. What is the greatest common divisor of 65 and d?
13
Suppose 221 = 8*i + 61. What is the highest common factor of 70 and i?
10
Suppose -2*c - 17 = -3*d, 82 - 26 = 4*d + 4*c. What is the greatest common divisor of 45 and d?
9
Let c = 158 - 282. Let k(z) = -2*z**3 + z**2 + 10*z + 7. Let f be k(-5). Let l = c + f. What is the highest common factor of l and 12?
12
Suppose 6*a - 8 = 2*a, -3*p = 3*a - 384. What is the highest common factor of p and 18?
18
Let x = 3 + 31. Calculate the greatest common factor of 34 and x.
34
Let q(a) = 2*a**2 + 3*a - 1. Let f be q(-3). Let z(k) = 6*k**3 + k - 2. Let m be z(2). Let b = m - 8. What is the highest common factor of f and b?
8
Suppose -37 = -3*p + 29. Calculate the highest common factor of 132 and p.
22
Let x = -10 - -17. Suppose 3*j = 18 + 3. Calculate the highest common divisor of x and j.
7
Suppose 0*f = -6*f + 96. What is the highest common divisor of 128 and f?
16
Let r be (-4 - -1*3/3)*-26. Calculate the greatest common factor of 26 and r.
26
Suppose 0 = 5*g - g - 68. Let f = g + -7. Let x be ((-8)/(-20))/(1/f). What is the highest common divisor of x and 10?
2
Suppose 2*l + 2*l = 60. Calculate the greatest common factor of l and 135.
15
Suppose 0*d - 3*o - 24 = -4*d, 4*o + 13 = -d. Suppose -f + d = 1. Calculate the highest common factor of f and 18.
2
Suppose -5*w + 24 = -2*w - 4*z, -4*w + 4*z + 36 = 0. Let a = -7 + w. Calculate the greatest common factor of 1 and a.
1
Let r(h) = 5*h**2 - 2*h - 1. Let o be r(2). What is the highest common factor of o and 5?
5
Let y(l) = l**2 - 5*l + 4. Let h be y(8). Suppose 2*n = -7 - 5. Let t be (-3)/9 - 26/n. What is the highest common divisor of t and h?
4
Let j = 7 - 2. Suppose 2*h = -j*r + 6, 3*r = h + 5*r - 3. Suppose 0 = h*b + 8 - 26. What is the greatest common factor of b and 24?
6
Let f(o) = 5*o**2 + 2*o - 8. Let k be f(-6). Let a = k + -69. Calculate the highest common factor of 13 and a.
13
Suppose 3*q + 16 = 7*q. Calculate the greatest common divisor of q and 4.
4
Let x be 5*8 + (2 - 0). Let q = -21 + x. What is the greatest common factor of q and 14?
7
Suppose 5*r = 103 + 37. Let p be (-21)/(-7) - (0 - 1). What is the highest common divisor of p and r?
4
Let a = -18 + 19. Suppose -2*r + a + 63 = 0. What is the highest common divisor of 8 and r?
8
Suppose -v + 85 = 5*a, a - 3*a = -5*v + 344. Let j = 48 + -34. What is the greatest common divisor of v and j?
14
Suppose -1 = 4*l + 19. Let a be (-4)/l*(46 - 1). What is the greatest common divisor of 54 and a?
18
Let u(w) = -2*w - 3. Let a(x) = x - 9. Let c be a(4). Let t be u(c). Suppose -t*q + 25 = -2*q. What is the greatest common divisor of 25 and q?
5
Suppose 2*l + 0*l + 30 = 0. Let b = l + 45. Calculate the highest common divisor of b and 6.
6
Let k be (-11)/4*(-27 + 4 - 5). Let z = 8 + 3. What is the greatest common divisor of k and z?
11
Let v = -43 - -61. What is the greatest common factor of 144 and v?
18
Let o be 27 + 2/(-2) + 0. Let d(t) = -5*t**3 - t**2 - 2*t - 1. Let n be d(-2). What is the highest common divisor of o and n?
13
Let u(k) = -k + 10. Let p be u(7). Suppose 0 = -s + p*s + 12. Let d be (-81)/s + 1/(-2). What is the highest common factor of d and 52?
13
Let k be ((-3)/(-9) - 1)*9. Let h = k + 7. Let d(q) = -q**3 - 7*q**2 + 1. Let s be d(-7). What is the greatest common divisor of h and s?
1
Let g be ((-56)/32)/((6/(-32))/3). What is the highest common divisor of 70 and g?
14
Suppose -8 = -m + 3. Let u(w) = -89*w - 1. Let b be u(-1). What is the highest common factor of b and m?
11
Let f(b) = 3*b - 2. Let h = 9 - 4. Let l be f(h). What is the highest common divisor of 91 and l?
13
Let u(d) = -d**3 - 5*d**2 - 2*d. Let k be u(-6). Calculate the highest common divisor of 72 and k.
24
Suppose 2*q + 7 = 43. Calculate the highest common factor of 2 and q.
2
Let o(d) be the third derivative of -d**6/120 - d**5/60 + 19*d**3/3 + 2*d**2. Let s be o(0). Calculate the highest common divisor of 95 and s.
19
Let u = 5 + 10. Let v(a) = -5*a - 10. Let l be v(-8). What is the highest common divisor of l and u?
15
Let x be (((-9)/9)/(-4))/((-1)/(-4)). Let f(q) = 3*q**3 + q**2 + q - 1. 